2, 3, 7, 17
List the prime factors of 145024.
2, 11, 103
List the prime factors of 17316904.
2, 11, 19, 10357
List the prime factors of 4092751.
13, 314827
List the prime factors of 4797793.
7, 11, 13, 4793
List the prime factors of 4274629.
29, 147401
What are the prime factors of 172211?
13, 1019
What are the prime factors of 969672?
2, 3, 11, 3673
What are the prime factors of 586934?
2, 293467
What are the prime factors of 19545343?
59, 331277
List the prime factors of 7424396.
2, 7, 265157
List the prime factors of 9632160.
2, 3, 5, 6689
List the prime factors of 2397387.
3, 619, 1291
List the prime factors of 6617267.
17, 419, 929
List the prime factors of 784463.
784463
What are the prime factors of 936759?
3, 312253
List the prime factors of 1909574.
2, 173, 5519
What are the prime factors of 2381121?
3, 23, 11503
What are the prime factors of 257146?
2, 19, 67, 101
List the prime factors of 19000571.
19000571
What are the prime factors of 6207428?
2, 223, 6959
What are the prime factors of 593256?
2, 3, 19, 1301
List the prime factors of 6660304.
2, 7, 59467
What are the prime factors of 584316?
2, 3, 16231
What are the prime factors of 138287?
61, 2267
What are the prime factors of 465491?
13, 61, 587
What are the prime factors of 4146944?
2, 97, 167
List the prime factors of 6151413.
3, 89, 23039
List the prime factors of 1054.
2, 17, 31
List the prime factors of 263878.
2, 131939
List the prime factors of 330096.
2, 3, 13, 23
What are the prime factors of 18180264?
2, 3, 19, 39869
What are the prime factors of 147110?
2, 5, 47, 313
List the prime factors of 7527171.
3, 401, 6257
What are the prime factors of 197410?
2, 5, 19, 1039
List the prime factors of 122601.
3, 40867
List the prime factors of 9903434.
2, 149, 167, 199
What are the prime factors of 12237417?
3, 37, 36749
What are the prime factors of 809326?
2, 7, 57809
List the prime factors of 709084.
2, 269, 659
What are the prime factors of 3173875?
5, 25391
List the prime factors of 1631489.
1631489
List the prime factors of 7758425.
5, 83, 3739
List the prime factors of 151448.
2, 11, 1721
What are the prime factors of 166095?
3, 5, 3691
List the prime factors of 4272610.
2, 5, 17, 41, 613
What are the prime factors of 3330385?
5, 17, 39181
List the prime factors of 70367.
11, 6397
What are the prime factors of 1356104?
2, 179, 947
What are the prime factors of 4908832?
2, 131, 1171
What are the prime factors of 19066339?
967, 19717
List the prime factors of 91779.
3, 30593
List the prime factors of 3278584.
2, 409823
List the prime factors of 3234284.
2, 17, 47563
What are the prime factors of 14488?
2, 1811
List the prime factors of 2751180.
2, 3, 5, 45853
What are the prime factors of 3728120?
2, 5, 11, 37, 229
List the prime factors of 6292397.
17, 21773
What are the prime factors of 8188933?
29, 282377
What are the prime factors of 14558141?
13, 1119857
List the prime factors of 465208.
2, 58151
What are the prime factors of 9625?
5, 7, 11
What are the prime factors of 204439?
204439
What are the prime factors of 31746638?
2, 7, 11, 211, 977
List the prime factors of 129653.
317, 409
List the prime factors of 30068363.
13, 2312951
What are the prime factors of 4250241?
3, 472249
What are the prime factors of 3726770?
2, 5, 372677
What are the prime factors of 660029?
660029
List the prime factors of 1189116.
2, 3, 17, 29, 67
List the prime factors of 798014.
2, 7, 17, 479
What are the prime factors of 4903882?
2, 2451941
List the prime factors of 670985.
5, 7, 19, 1009
List the prime factors of 71803.
59, 1217
What are the prime factors of 2802135?
3, 5, 7, 26687
What are the prime factors of 60223?
60223
List the prime factors of 91036.
2, 11, 2069
What are the prime factors of 874164?
2, 3, 97, 751
What are the prime factors of 250361?
250361
What are the prime factors of 8153388?
2, 3, 226483
List the prime factors of 3741008.
2, 61, 3833
List the prime factors of 48783.
3, 7, 23, 101
List the prime factors of 18578033.
37, 347, 1447
What are the prime factors of 573074?
2, 101, 2837
What are the prime factors of 552680?
2, 5, 41, 337
What are the prime factors of 5238965?
5, 19, 55147
List the prime factors of 3808713.
3, 1269571
What are the prime factors of 2956429?
7, 151, 2797
List the prime factors of 12558013.
13, 41, 23561
List the prime factors of 61968.
2, 3, 1291
List the prime factors of 1361496.
2, 3, 17, 47, 71
List the prime factors of 577709.
11, 29, 1811
List the prime factors of 329059.
329059
List the prime factors of 8150414.
2, 4075207
List the prime factors of 282581.
13, 21737
What are the prime factors of 254319?
3, 13, 6521
List the prime factors of 1164704.
2, 17, 2141
List the prime factors of 5974577.
7, 199, 4289
What are the prime factors of 3929554?
2, 1049, 1873
List the prime factors of 23872237.
23872237
List the prime factors of 611693.
611693
What are the prime factors of 22393235?
5, 4478647
List the prime factors of 9614699.
59, 107, 1523
List the prime factors of 15923545.
5, 11, 43, 6733
What are the prime factors of 448203?
3, 7, 3049
What are the prime factors of 92979?
3, 10331
List the prime factors of 11029755.
3, 5, 11, 59, 103
List the prime factors of 1867184.
2, 11, 103
What are the prime factors of 505667?
137, 3691
List the prime factors of 90900.
2, 3, 5, 101
What are the prime factors of 25412360?
2, 5, 635309
What are the prime factors of 65244?
2, 3, 5437
List the prime factors of 503679.
3, 11, 15263
List the prime factors of 678288.
2, 3, 13, 1087
List the prime factors of 256783.
41, 6263
What are the prime factors of 1486502?
2, 743251
List the prime factors of 660246.
2, 3, 17, 6473
List the prime factors of 1382025.
3, 5, 18427
List the prime factors of 1845908.
2, 29, 15913
What are the prime factors of 242694?
2, 3, 97, 139
List the prime factors of 2095410.
2, 3, 5, 69847
List the prime factors of 2823757.
113, 24989
What are the prime factors of 10550760?
2, 3, 5, 11, 7993
What are the prime factors of 3343727?
37, 90371
List the prime factors of 4511246.
2, 19, 118717
List the prime factors of 10572927.
3, 3524309
List the prime factors of 5555435.
5, 1111087
List the prime factors of 363043.
363043
List the prime factors of 16112517.
3, 997, 5387
List the prime factors of 161354.
2, 80677
List the prime factors of 9063731.
9063731
List the prime factors of 174873.
3, 71, 821
What are the prime factors of 352987?
43, 8209
List the prime factors of 147077.
7, 21011
List the prime factors of 22003558.
2, 19, 439, 1319
List the prime factors of 161253.
3, 19, 23, 41
List the prime factors of 1470065.
5, 294013
What are the prime factors of 145224?
2, 3, 2017
What are the prime factors of 13070132?
2, 131, 24943
List the prime factors of 21206121.
3, 7068707
List the prime factors of 292124.
2, 7, 10433
List the prime factors of 539746.
2, 401, 673
List the prime factors of 115384.
2, 14423
List the prime factors of 9031202.
2, 4515601
List the prime factors of 170097.
3, 31, 59
List the prime factors of 1872851.
67, 27953
What are the prime factors of 417136?
2, 29, 31
What are the prime factors of 4308704?
2, 29, 4643
List the prime factors of 1540532.
2, 7, 37, 1487
List the prime factors of 1648417.
1648417
What are the prime factors of 145433?
145433
What are the prime factors of 183274?
2, 7, 13, 19, 53
What are the prime factors of 31541227?
1609, 19603
List the prime factors of 6857617.
13, 37, 53, 269
What are the prime factors of 169669?
383, 443
What are the prime factors of 2375089?
41, 53, 1093
List the prime factors of 8685823.
2617, 3319
What are the prime factors of 3811332?
2, 3, 7, 17, 157
What are the prime factors of 2433520?
2, 5, 19, 1601
List the prime factors of 326413.
43, 7591
List the prime factors of 883011.
3, 294337
What are the prime factors of 51640?
2, 5, 1291
List the prime factors of 1982743.
7, 149, 1901
List the prime factors of 1285863.
3, 17, 19, 1327
List the prime factors of 154088.
2, 11, 17, 103
List the prime factors of 113228.
2, 28307
What are the prime factors of 806559?
3, 13, 20681
What are the prime factors of 3077085?
3, 5, 11, 17, 1097
What are the prime factors of 26419?
29, 911
List the prime factors of 369509.
7, 7541
List the prime factors of